{"id":100,"date":"2010-12-10T20:58:03","date_gmt":"2010-12-10T19:58:03","guid":{"rendered":"http:\/\/www.spzwolkersdorf.ac.at\/wp\/?page_id=100"},"modified":"2026-03-15T18:02:50","modified_gmt":"2026-03-15T17:02:50","slug":"das-team","status":"publish","type":"page","link":"https:\/\/aso-wolkersdorf.ac.at\/wp\/?page_id=100","title":{"rendered":"Das Team"},"content":{"rendered":"<p><strong>ngg_shortcode_0_placeholder<br \/>\n<\/strong><\/p>\n<p style=\"text-align: left;\"><strong>Schulleitung:<\/strong><\/p>\n<p style=\"text-align: left;\">Dipl. P\u00e4d. Claudia Kranzl&nbsp; BA&nbsp; <strong>ngg_shortcode_1_placeholder<\/strong><\/p>\n<p>Lehramt f\u00fcr allgemeine Sonderschulen und f\u00fcr Kinder mit erh\u00f6htem F\u00f6rderbedarf<\/p>\n<p>Studium: Bildungswissenschaft<\/p>\n<p>Lehrgang: Basale F\u00f6rderung<\/p>\n<p>Zusatzqualifikation: Sensorische Integration und Sensomotorische Wahrnehmungsf\u00f6rderung (Ute Junge)<\/p>\n<p>Hochschullehrgang: Autismusspektrumst\u00f6rung<\/p>\n<p style=\"text-align: left;\"><strong>Lehrerinnen:<\/strong><\/p>\n<p style=\"text-align: left;\">Ingrid Friedschr\u00f6der, BEd&nbsp; &nbsp;<strong>ngg_shortcode_2_placeholder<\/strong><\/p>\n<p>Lehramt f\u00fcr allgemeine Sonderschulen<\/p>\n<p>Lehrgang DAZ<\/p>\n<p>&nbsp;<\/p>\n<p>&nbsp;<\/p>\n<p>&nbsp;<\/p>\n<p style=\"text-align: left;\">Dipl. P\u00e4d. Julia Heinrich&nbsp; &nbsp; <strong>ngg_shortcode_3_placeholder<\/strong><\/p>\n<p>Lehramt f\u00fcr allgemeine Sonderschulen und f\u00fcr Kinder mit erh\u00f6htem F\u00f6rderbedarf<\/p>\n<p>Lehramt f\u00fcr Sprachheilp\u00e4daogik<\/p>\n<p>&nbsp;<\/p>\n<p>Regina Holzer-Stach, BEd <strong>ngg_shortcode_4_placeholder<\/strong><\/p>\n<p>&nbsp;<\/p>\n<p style=\"text-align: left;\">Dipl. P\u00e4d. Katharina Kleibl&nbsp; &nbsp; <strong>ngg_shortcode_5_placeholder<\/strong><\/p>\n<p>Lehramt f\u00fcr allgemeine Sonderschulen und f\u00fcr Kinder mit erh\u00f6htem F\u00f6rderbedarf<\/p>\n<p>Lehrgang: Rhythmische Erziehung<\/p>\n<p>Zusatzqualifikation: Motop\u00e4dagogik<\/p>\n<p>Hochschullehrgang: Autismusspektrumst\u00f6rung<\/p>\n<p>Hochschullehrgang: Digitales Lernen<\/p>\n<p>&nbsp;<\/p>\n<p style=\"text-align: left;\">Mag. Dipl. P\u00e4d. Daniela K\u00f6rmer, BEd&nbsp; &nbsp; <strong>ngg_shortcode_6_placeholder<\/strong><\/p>\n<p style=\"text-align: left;\">Lehramt f\u00fcr allgemeine Sonderschulen<\/p>\n<p>Lehramt f\u00fcr Volksschulen<\/p>\n<p>Studium: Sonder- und Heilp\u00e4dagogik; P\u00e4dagogik<\/p>\n<p>Zusatzqualifikation: Motop\u00e4dagogik<\/p>\n<p>Lehrgang: Sensorische Integration im Dialog nach Ulla Kiesling<\/p>\n<p>&nbsp;<\/p>\n<p style=\"text-align: left;\">Marlies M\u00fcller, BEd&nbsp; &nbsp; <strong>ngg_shortcode_7_placeholder<\/strong><\/p>\n<p>Lehramt f\u00fcr allgemeine Sonderschulen<\/p>\n<p>Lehramt f\u00fcr Volksschulen<\/p>\n<p>Montessorip\u00e4dagogik<\/p>\n<p>&nbsp;<\/p>\n<p style=\"text-align: left;\">Romana Schwarzb\u00f6ck, BEd&nbsp; &nbsp; <strong>ngg_shortcode_8_placeholder<\/strong><\/p>\n<p>Lehramt f\u00fcr Volksschulen<\/p>\n<p>Lehrgang f\u00fcr Integrationsklassen<\/p>\n<p>Lehrbef\u00e4higung zur a. o. Erteilung des r\u00f6m. kath. Religionsunterrichts<\/p>\n<p>Zusatzqualifikation: Sensorische Integration im Dialog nach Ulla Kiesling<\/p>\n<p>Diplomierte Betreuerin f\u00fcr lese- und rechtschreibschwache Kinder&nbsp;<\/p>\n<p>&nbsp;<\/p>\n<p style=\"text-align: left;\">Mag. Gisela Wimmer&nbsp; &nbsp; <strong>ngg_shortcode_9_placeholder<\/strong><\/p>\n<p>Lehramt f\u00fcr allgemeine Sonderschulen<\/p>\n<p>Studium: Sonder- und Heilp\u00e4dagogik<\/p>\n<p>Montessorip\u00e4dagogik<\/p>\n<p>Kunsttherapie i. Ausbildung<\/p>\n<p>&nbsp;<\/p>\n<p style=\"text-align: left;\"><strong>Schulassistenz<\/strong><\/p>\n<p style=\"text-align: left;\">Christa Schodl&nbsp; &nbsp; <strong>ngg_shortcode_10_placeholder<\/strong><\/p>\n<p style=\"text-align: left;\"><strong>Schulassistenz<\/strong><\/p>\n<p>Manuela Unger&nbsp; <strong>ngg_shortcode_11_placeholder<\/strong><\/p>\n<p><strong>Schulassistenz<\/strong><\/p>\n<p>Natascha Romstorfer<\/p>\n<p style=\"text-align: left;\"><strong>Beratungslehrerinnen und Beratungslehrer:<\/strong><\/p>\n<p><strong>ngg_shortcode_12_placeholder<\/strong><\/p>\n<p style=\"text-align: left;\">Mag. Karin Bleyer&nbsp; &nbsp; <strong>ngg_shortcode_13_placeholder<\/strong><\/p>\n<p style=\"text-align: left;\">MMag. Dr. Petra G\u00f6ssinger, BEd.&nbsp; &nbsp; <strong>ngg_shortcode_14_placeholder<\/strong><\/p>\n<p style=\"text-align: left;\">Dipl. P\u00e4d. Petra Ambrosch&nbsp; &nbsp; <strong>ngg_shortcode_15_placeholder<\/strong><\/p>\n<p style=\"text-align: left;\">Dr. Harald Parth<\/p>\n<p style=\"text-align: left;\"><strong>Sprachheillehrerin:<\/strong><\/p>\n<p style=\"text-align: left;\">Dipl. P\u00e4d. Gabriela Wolfram&nbsp; &nbsp; <strong>ngg_shortcode_16_placeholder<\/strong><\/p>\n<p style=\"text-align: left;\">&nbsp;<\/p>\n<p style=\"text-align: left;\"><strong>Nachmittagsbetreuung:<\/strong><\/p>\n<p style=\"text-align: left;\">Denise Holy-Puchner <strong>ngg_shortcode_17_placeholder<\/strong><\/p>\n<p style=\"text-align: left;\">Dalya Spannagl <strong>ngg_shortcode_18_placeholder<\/strong><\/p>\n<p style=\"text-align: left;\"><strong style=\"font-size: revert; color: initial;\">Ergotherapeutin:<\/strong><\/p>\n<p style=\"text-align: left;\">Annette Sieghart<\/p>\n<div>&nbsp;<\/div>\n<div>&nbsp;<\/div>\n","protected":false},"excerpt":{"rendered":"<p>Schulleitung: Dipl. P\u00e4d. Claudia Kranzl&nbsp; BA&nbsp; Lehramt f\u00fcr allgemeine Sonderschulen und f\u00fcr Kinder mit erh\u00f6htem F\u00f6rderbedarf Studium: Bildungswissenschaft Lehrgang: Basale F\u00f6rderung Zusatzqualifikation: Sensorische Integration und Sensomotorische Wahrnehmungsf\u00f6rderung (Ute Junge) Hochschullehrgang: Autismusspektrumst\u00f6rung Lehrerinnen: Ingrid Friedschr\u00f6der, BEd&nbsp; &nbsp; Lehramt f\u00fcr allgemeine Sonderschulen Lehrgang DAZ &nbsp; &nbsp; &nbsp; Dipl. P\u00e4d. Julia Heinrich&nbsp; &nbsp; Lehramt f\u00fcr allgemeine Sonderschulen und f\u00fcr Kinder mit erh\u00f6htem F\u00f6rderbedarf Lehramt f\u00fcr Sprachheilp\u00e4daogik &nbsp; Regina Holzer-Stach, BEd &nbsp; Dipl. P\u00e4d. Katharina Kleibl&nbsp; &nbsp; Lehramt f\u00fcr allgemeine Sonderschulen und f\u00fcr Kinder mit erh\u00f6htem F\u00f6rderbedarf Lehrgang: Rhythmische Erziehung Zusatzqualifikation: Motop\u00e4dagogik Hochschullehrgang: Autismusspektrumst\u00f6rung Hochschullehrgang: Digitales Lernen &nbsp; Mag. Dipl. P\u00e4d. Daniela K\u00f6rmer, BEd&nbsp; &nbsp; Lehramt f\u00fcr allgemeine Sonderschulen Lehramt f\u00fcr Volksschulen Studium: Sonder- und Heilp\u00e4dagogik; P\u00e4dagogik Zusatzqualifikation: Motop\u00e4dagogik Lehrgang: Sensorische Integration im Dialog nach Ulla Kiesling &nbsp; Marlies M\u00fcller, BEd&nbsp; &nbsp; Lehramt f\u00fcr allgemeine Sonderschulen Lehramt f\u00fcr Volksschulen Montessorip\u00e4dagogik &nbsp; Romana Schwarzb\u00f6ck, BEd&nbsp; &nbsp; Lehramt f\u00fcr Volksschulen Lehrgang f\u00fcr Integrationsklassen Lehrbef\u00e4higung zur a.&hellip;<\/p>\n<p> <a class=\"more-link\" href=\"https:\/\/aso-wolkersdorf.ac.at\/wp\/?page_id=100\">Weiterlesen<\/a><\/p>\n","protected":false},"author":1002,"featured_media":0,"parent":0,"menu_order":0,"comment_status":"closed","ping_status":"closed","template":"","meta":{"ngg_post_thumbnail":0,"footnotes":""},"class_list":["post-100","page","type-page","status-publish"],"_links":{"self":[{"href":"https:\/\/aso-wolkersdorf.ac.at\/wp\/index.php?rest_route=\/wp\/v2\/pages\/100","targetHints":{"allow":["GET"]}}],"collection":[{"href":"https:\/\/aso-wolkersdorf.ac.at\/wp\/index.php?rest_route=\/wp\/v2\/pages"}],"about":[{"href":"https:\/\/aso-wolkersdorf.ac.at\/wp\/index.php?rest_route=\/wp\/v2\/types\/page"}],"author":[{"embeddable":true,"href":"https:\/\/aso-wolkersdorf.ac.at\/wp\/index.php?rest_route=\/wp\/v2\/users\/1002"}],"replies":[{"embeddable":true,"href":"https:\/\/aso-wolkersdorf.ac.at\/wp\/index.php?rest_route=%2Fwp%2Fv2%2Fcomments&post=100"}],"version-history":[{"count":126,"href":"https:\/\/aso-wolkersdorf.ac.at\/wp\/index.php?rest_route=\/wp\/v2\/pages\/100\/revisions"}],"predecessor-version":[{"id":2444,"href":"https:\/\/aso-wolkersdorf.ac.at\/wp\/index.php?rest_route=\/wp\/v2\/pages\/100\/revisions\/2444"}],"wp:attachment":[{"href":"https:\/\/aso-wolkersdorf.ac.at\/wp\/index.php?rest_route=%2Fwp%2Fv2%2Fmedia&parent=100"}],"curies":[{"name":"wp","href":"https:\/\/api.w.org\/{rel}","templated":true}]}}

<p><strong>ngg_shortcode_0_placeholder<br />
</strong></p>
<p style="text-align: left;"><strong>Schulleitung:</strong></p>
<p style="text-align: left;">Dipl. Päd. Claudia Kranzl&nbsp; BA&nbsp; <strong>ngg_shortcode_1_placeholder</strong></p>
<p>Lehramt für allgemeine Sonderschulen und für Kinder mit erhöhtem Förderbedarf</p>
<p>Studium: Bildungswissenschaft</p>
<p>Lehrgang: Basale Förderung</p>
<p>Zusatzqualifikation: Sensorische Integration und Sensomotorische Wahrnehmungsförderung (Ute Junge)</p>
<p>Hochschullehrgang: Autismusspektrumstörung</p>
<p style="text-align: left;"><strong>Lehrerinnen:</strong></p>
<p style="text-align: left;">Ingrid Friedschröder, BEd&nbsp; &nbsp;<strong>ngg_shortcode_2_placeholder</strong></p>
<p>Lehramt für allgemeine Sonderschulen</p>
<p>Lehrgang DAZ</p>
<p>&nbsp;</p>
<p>&nbsp;</p>
<p>&nbsp;</p>
<p style="text-align: left;">Dipl. Päd. Julia Heinrich&nbsp; &nbsp; <strong>ngg_shortcode_3_placeholder</strong></p>
<p>Lehramt für allgemeine Sonderschulen und für Kinder mit erhöhtem Förderbedarf</p>
<p>Lehramt für Sprachheilpädaogik</p>
<p>&nbsp;</p>
<p>Regina Holzer-Stach, BEd <strong>ngg_shortcode_4_placeholder</strong></p>
<p>&nbsp;</p>
<p style="text-align: left;">Dipl. Päd. Katharina Kleibl&nbsp; &nbsp; <strong>ngg_shortcode_5_placeholder</strong></p>
<p>Lehramt für allgemeine Sonderschulen und für Kinder mit erhöhtem Förderbedarf</p>
<p>Lehrgang: Rhythmische Erziehung</p>
<p>Zusatzqualifikation: Motopädagogik</p>
<p>Hochschullehrgang: Autismusspektrumstörung</p>
<p>Hochschullehrgang: Digitales Lernen</p>
<p>&nbsp;</p>
<p style="text-align: left;">Mag. Dipl. Päd. Daniela Körmer, BEd&nbsp; &nbsp; <strong>ngg_shortcode_6_placeholder</strong></p>
<p style="text-align: left;">Lehramt für allgemeine Sonderschulen</p>
<p>Lehramt für Volksschulen</p>
<p>Studium: Sonder- und Heilpädagogik; Pädagogik</p>
<p>Zusatzqualifikation: Motopädagogik</p>
<p>Lehrgang: Sensorische Integration im Dialog nach Ulla Kiesling</p>
<p>&nbsp;</p>
<p style="text-align: left;">Marlies Müller, BEd&nbsp; &nbsp; <strong>ngg_shortcode_7_placeholder</strong></p>
<p>Lehramt für allgemeine Sonderschulen</p>
<p>Lehramt für Volksschulen</p>
<p>Montessoripädagogik</p>
<p>&nbsp;</p>
<p style="text-align: left;">Romana Schwarzböck, BEd&nbsp; &nbsp; <strong>ngg_shortcode_8_placeholder</strong></p>
<p>Lehramt für Volksschulen</p>
<p>Lehrgang für Integrationsklassen</p>
<p>Lehrbefähigung zur a. o. Erteilung des röm. kath. Religionsunterrichts</p>
<p>Zusatzqualifikation: Sensorische Integration im Dialog nach Ulla Kiesling</p>
<p>Diplomierte Betreuerin für lese- und rechtschreibschwache Kinder&nbsp;</p>
<p>&nbsp;</p>
<p style="text-align: left;">Mag. Gisela Wimmer&nbsp; &nbsp; <strong>ngg_shortcode_9_placeholder</strong></p>
<p>Lehramt für allgemeine Sonderschulen</p>
<p>Studium: Sonder- und Heilpädagogik</p>
<p>Montessoripädagogik</p>
<p>Kunsttherapie i. Ausbildung</p>
<p>&nbsp;</p>
<p style="text-align: left;"><strong>Schulassistenz</strong></p>
<p style="text-align: left;">Christa Schodl&nbsp; &nbsp; <strong>ngg_shortcode_10_placeholder</strong></p>
<p style="text-align: left;"><strong>Schulassistenz</strong></p>
<p>Manuela Unger&nbsp; <strong>ngg_shortcode_11_placeholder</strong></p>
<p><strong>Schulassistenz</strong></p>
<p>Natascha Romstorfer</p>
<p style="text-align: left;"><strong>Beratungslehrerinnen und Beratungslehrer:</strong></p>
<p><strong>ngg_shortcode_12_placeholder</strong></p>
<p style="text-align: left;">Mag. Karin Bleyer&nbsp; &nbsp; <strong>ngg_shortcode_13_placeholder</strong></p>
<p style="text-align: left;">MMag. Dr. Petra Gössinger, BEd.&nbsp; &nbsp; <strong>ngg_shortcode_14_placeholder</strong></p>
<p style="text-align: left;">Dipl. Päd. Petra Ambrosch&nbsp; &nbsp; <strong>ngg_shortcode_15_placeholder</strong></p>
<p style="text-align: left;">Dr. Harald Parth</p>
<p style="text-align: left;"><strong>Sprachheillehrerin:</strong></p>
<p style="text-align: left;">Dipl. Päd. Gabriela Wolfram&nbsp; &nbsp; <strong>ngg_shortcode_16_placeholder</strong></p>
<p style="text-align: left;">&nbsp;</p>
<p style="text-align: left;"><strong>Nachmittagsbetreuung:</strong></p>
<p style="text-align: left;">Denise Holy-Puchner <strong>ngg_shortcode_17_placeholder</strong></p>
<p style="text-align: left;">Dalya Spannagl <strong>ngg_shortcode_18_placeholder</strong></p>
<p style="text-align: left;"><strong style="font-size: revert; color: initial;">Ergotherapeutin:</strong></p>
<p style="text-align: left;">Annette Sieghart</p>
<div>&nbsp;</div>
<div>&nbsp;</div>

<p>Schulleitung: Dipl. Päd. Claudia Kranzl&nbsp; BA&nbsp; Lehramt für allgemeine Sonderschulen und für Kinder mit erhöhtem Förderbedarf Studium: Bildungswissenschaft Lehrgang: Basale Förderung Zusatzqualifikation: Sensorische Integration und Sensomotorische Wahrnehmungsförderung (Ute Junge) Hochschullehrgang: Autismusspektrumstörung Lehrerinnen: Ingrid Friedschröder, BEd&nbsp; &nbsp; Lehramt für allgemeine Sonderschulen Lehrgang DAZ &nbsp; &nbsp; &nbsp; Dipl. Päd. Julia Heinrich&nbsp; &nbsp; Lehramt für allgemeine Sonderschulen und für Kinder mit erhöhtem Förderbedarf Lehramt für Sprachheilpädaogik &nbsp; Regina Holzer-Stach, BEd &nbsp; Dipl. Päd. Katharina Kleibl&nbsp; &nbsp; Lehramt für allgemeine Sonderschulen und für Kinder mit erhöhtem Förderbedarf Lehrgang: Rhythmische Erziehung Zusatzqualifikation: Motopädagogik Hochschullehrgang: Autismusspektrumstörung Hochschullehrgang: Digitales Lernen &nbsp; Mag. Dipl. Päd. Daniela Körmer, BEd&nbsp; &nbsp; Lehramt für allgemeine Sonderschulen Lehramt für Volksschulen Studium: Sonder- und Heilpädagogik; Pädagogik Zusatzqualifikation: Motopädagogik Lehrgang: Sensorische Integration im Dialog nach Ulla Kiesling &nbsp; Marlies Müller, BEd&nbsp; &nbsp; Lehramt für allgemeine Sonderschulen Lehramt für Volksschulen Montessoripädagogik &nbsp; Romana Schwarzböck, BEd&nbsp; &nbsp; Lehramt für Volksschulen Lehrgang für Integrationsklassen Lehrbefähigung zur a.&hellip;</p>
<p> <a class="more-link" href="https://aso-wolkersdorf.ac.at/wp/?page_id=100">Weiterlesen</a></p>
